{"id":100,"date":"2023-01-12T10:21:16","date_gmt":"2023-01-12T09:21:16","guid":{"rendered":"https:\/\/eebs.dk\/?page_id=100"},"modified":"2025-02-13T16:14:11","modified_gmt":"2025-02-13T15:14:11","slug":"kierkegaard-og-klimaforandringerne","status":"publish","type":"page","link":"https:\/\/eebs.dk\/index.php\/kierkegaard-og-klimaforandringerne\/","title":{"rendered":"Kierkegaard og Klimaforandringer"},"content":{"rendered":"<p><img loading=\"lazy\" decoding=\"async\" class=\"size-medium wp-image-284 alignleft\" src=\"https:\/\/eebs.dk\/wp-content\/uploads\/2023\/02\/Kierkegaard-og-Klimaforandringerne-300x201.jpg\" alt=\"\" width=\"300\" height=\"201\" srcset=\"https:\/\/eebs.dk\/wp-content\/uploads\/2023\/02\/Kierkegaard-og-Klimaforandringerne-300x201.jpg 300w, https:\/\/eebs.dk\/wp-content\/uploads\/2023\/02\/Kierkegaard-og-Klimaforandringerne-768x516.jpg 768w, https:\/\/eebs.dk\/wp-content\/uploads\/2023\/02\/Kierkegaard-og-Klimaforandringerne.jpg 800w\" sizes=\"auto, (max-width: 300px) 100vw, 300px\" \/><span style=\"color: #333333;\"><span style=\"font-size: x-large; font-family: 'Book Antiqua', serif; background-color: transparent;\"><span style=\"font-size: 24px;\">Fredag<\/span><\/span><span style=\"font-size: x-large; font-family: 'Book Antiqua', serif; background-color: transparent;\"> d. 29. oktober 2021 kl. 13.30<\/span><\/span><\/p>\n<p><span style=\"color: #333333;\">Opl\u00e6g af Niels Wilde<\/span><br \/>\n<span style=\"color: #333333;\">ph.d. videnskabelig assistent<\/span><br \/>\n<span style=\"color: #333333;\">Institut for Kultur og Samfund<\/span><br \/>\n<span style=\"color: #333333;\">Filosofi &amp; Id\u00e9historie<\/span><br \/>\n<span style=\"color: #333333;\">Aarhus Universitet<\/span><\/p>\n<p><span style=\"color: #333333;\">FN\u2019s sjette klimarapport blev for nylig offentliggjort og konklusionen var nedsl\u00e5ende og ildevarslende. Temperaturen stiger om kap med verdenshavene, men selvom forskerne har r\u00e5bt vagt i gev\u00e6r de sidste 30 \u00e5r, synes budskabet ikke s\u00e5dan for alvor at bide p\u00e5.<\/span><\/p>\n<p><span style=\"color: #333333;\">Mennesket er nu s\u00e5 omfattende en spiller p\u00e5 den globale scene, at vi udg\u00f8r den st\u00f8rste dominerende faktor for Jordens cyklus. Vores fodaftryk i jordskorpen og i atmosf\u00e6ren vil v\u00e6re synlige i tusinder af \u00e5r fremover. Men hvad er det for et begreb om mennesket, som pludselig dominerer i de klimafaglige diskussioner? Hvordan gik vi fra at leve i en lille verden p\u00e5 en stor planet til at bebo en lille planet i en stor verden? Hvordan gik vi fra at v\u00e6re et biologisk v\u00e6sen med s\u00e6rlige evner og udfordringer til at blive en geologisk kraft p\u00e5 linje med bjerge, vulkaner og jordsk\u00e6lv? Hvordan kunne det g\u00e5 s\u00e5 vidt?<\/span><\/p>\n<p><span style=\"color: #333333;\">I dette foredrag forf\u00f8lger Kim Wilde dette sp\u00f8rgsm\u00e5l fra en lidt uventet kant nemlig fra S\u00f8ren Kierkegaards synspunkt. Kan Kierkegaard l\u00e6re os noget om klimaforandringer og om udviklingen i opfattelsen af mennesket i en verden under stadig varmere himmelstr\u00f8g?<\/span><\/p>\n<p>&nbsp;<\/p>\n","protected":false},"excerpt":{"rendered":"<p>Fredag d. 29. oktober 2021 kl. 13.30 Opl\u00e6g af Niels Wilde ph.d. videnskabelig assistent Institut for Kultur og Samfund Filosofi &amp; Id\u00e9historie Aarhus Universitet FN\u2019s sjette klimarapport blev for nylig&hellip; <br \/> <a class=\"read-more\" href=\"https:\/\/eebs.dk\/index.php\/kierkegaard-og-klimaforandringerne\/\">Read more<\/a><\/p>\n","protected":false},"author":1,"featured_media":0,"parent":0,"menu_order":0,"comment_status":"closed","ping_status":"closed","template":"","meta":{"_monsterinsights_skip_tracking":false,"_monsterinsights_sitenote_active":false,"_monsterinsights_sitenote_note":"","_monsterinsights_sitenote_category":0,"footnotes":""},"class_list":["post-100","page","type-page","status-publish","hentry"],"aioseo_notices":[],"_links":{"self":[{"href":"https:\/\/eebs.dk\/index.php\/wp-json\/wp\/v2\/pages\/100","targetHints":{"allow":["GET"]}}],"collection":[{"href":"https:\/\/eebs.dk\/index.php\/wp-json\/wp\/v2\/pages"}],"about":[{"href":"https:\/\/eebs.dk\/index.php\/wp-json\/wp\/v2\/types\/page"}],"author":[{"embeddable":true,"href":"https:\/\/eebs.dk\/index.php\/wp-json\/wp\/v2\/users\/1"}],"replies":[{"embeddable":true,"href":"https:\/\/eebs.dk\/index.php\/wp-json\/wp\/v2\/comments?post=100"}],"version-history":[{"count":3,"href":"https:\/\/eebs.dk\/index.php\/wp-json\/wp\/v2\/pages\/100\/revisions"}],"predecessor-version":[{"id":901,"href":"https:\/\/eebs.dk\/index.php\/wp-json\/wp\/v2\/pages\/100\/revisions\/901"}],"wp:attachment":[{"href":"https:\/\/eebs.dk\/index.php\/wp-json\/wp\/v2\/media?parent=100"}],"curies":[{"name":"wp","href":"https:\/\/api.w.org\/{rel}","templated":true}]}}