{"id":326,"date":"2023-05-15T19:14:40","date_gmt":"2023-05-15T17:14:40","guid":{"rendered":"https:\/\/eebs.dk\/?page_id=326"},"modified":"2025-02-13T16:25:16","modified_gmt":"2025-02-13T15:25:16","slug":"platons-dialog-timaios","status":"publish","type":"page","link":"https:\/\/eebs.dk\/index.php\/platons-dialog-timaios\/","title":{"rendered":"Platons dialog &#8220;Timaios&#8221;"},"content":{"rendered":"<p><img loading=\"lazy\" decoding=\"async\" class=\" wp-image-324 alignleft\" src=\"https:\/\/eebs.dk\/wp-content\/uploads\/2023\/05\/Platons-dialogTimaeus-31.05.23-300x150.jpg\" alt=\"\" width=\"324\" height=\"162\" srcset=\"https:\/\/eebs.dk\/wp-content\/uploads\/2023\/05\/Platons-dialogTimaeus-31.05.23-300x150.jpg 300w, https:\/\/eebs.dk\/wp-content\/uploads\/2023\/05\/Platons-dialogTimaeus-31.05.23-768x383.jpg 768w, https:\/\/eebs.dk\/wp-content\/uploads\/2023\/05\/Platons-dialogTimaeus-31.05.23.jpg 1000w\" sizes=\"auto, (max-width: 324px) 100vw, 324px\" \/>Platons dialog \u201dTimaios\u201d<br \/>\nOnsdag d. 31. maj kl. 14<br \/>\nDokk1, M2<\/p>\n<p>Opl\u00e6g af Henrik Klindt-Jensen<br \/>\nFilosofi &amp; Id\u00e9historie<br \/>\nAarhus Universitet<\/p>\n<p>&nbsp;<\/p>\n<p style=\"text-align: left;\">Platons \u201dTimaios\u201d var den dialog, som spillede den st\u00f8rste rolle op igennem middelalder og ren\u00e6ssance. Dialogen skildrer<br \/>\nmed baggrund i pythagor\u00e6ismen p\u00e5 flere m\u00e5der., hvordan en skabergud med hj\u00e6lpeguder skaber verden.\u00a0 F\u00f8rst skabes kosmos som ordnet efter kredsbev\u00e6gelser, is\u00e6r manifesteret som himmellegemerne, s\u00e5 skabes det ud fra at v\u00e6re opbygget af tredimensionelle figurer med geometriske flader, \u201dpolyedere\u201d. Kosmos har en samlet tredelt sj\u00e6l hvis tredeling svarer til tredelingen af det enkelte menneskes sj\u00e6l \u2013 og denne tredeling genfindes ogs\u00e5 i idealstaten i dialogen \u201dStaten\u201d. Dennes samtale fandt i \u00f8vrigt sted dagen f\u00f8r den, vi finder i \u201dTimaios\u201d.<\/p>\n<p style=\"text-align: left;\">Den senantikke l\u00e6ge Galen kom i s\u00e6rdeleshed til at fastholde \u201dTimaios\u201d i naturfilosofien med de fire elementer.<br \/>\nRen\u00e6ssancen fandt is\u00e6r menneskets forhold til verden som mikrokosmos overfor makrokosmos.<\/p>\n<p>Entr\u00e9 kr. 50,-<\/p>\n<p>&nbsp;<\/p>\n<p>Arrang\u00f8r: EnvironmentalEthics <a href=\"https:\/\/www.eebs.dk\">https:\/\/www.eebs.dk<\/a><\/p>\n<p>&nbsp;<\/p>\n","protected":false},"excerpt":{"rendered":"<p>Platons dialog \u201dTimaios\u201d Onsdag d. 31. maj kl. 14 Dokk1, M2 Opl\u00e6g af Henrik Klindt-Jensen Filosofi &amp; Id\u00e9historie Aarhus Universitet &nbsp; Platons \u201dTimaios\u201d var den dialog, som spillede den st\u00f8rste&hellip; <br \/> <a class=\"read-more\" href=\"https:\/\/eebs.dk\/index.php\/platons-dialog-timaios\/\">Read more<\/a><\/p>\n","protected":false},"author":1,"featured_media":0,"parent":0,"menu_order":0,"comment_status":"closed","ping_status":"closed","template":"","meta":{"_monsterinsights_skip_tracking":false,"_monsterinsights_sitenote_active":false,"_monsterinsights_sitenote_note":"","_monsterinsights_sitenote_category":0,"footnotes":""},"class_list":["post-326","page","type-page","status-publish","hentry"],"aioseo_notices":[],"_links":{"self":[{"href":"https:\/\/eebs.dk\/index.php\/wp-json\/wp\/v2\/pages\/326","targetHints":{"allow":["GET"]}}],"collection":[{"href":"https:\/\/eebs.dk\/index.php\/wp-json\/wp\/v2\/pages"}],"about":[{"href":"https:\/\/eebs.dk\/index.php\/wp-json\/wp\/v2\/types\/page"}],"author":[{"embeddable":true,"href":"https:\/\/eebs.dk\/index.php\/wp-json\/wp\/v2\/users\/1"}],"replies":[{"embeddable":true,"href":"https:\/\/eebs.dk\/index.php\/wp-json\/wp\/v2\/comments?post=326"}],"version-history":[{"count":3,"href":"https:\/\/eebs.dk\/index.php\/wp-json\/wp\/v2\/pages\/326\/revisions"}],"predecessor-version":[{"id":330,"href":"https:\/\/eebs.dk\/index.php\/wp-json\/wp\/v2\/pages\/326\/revisions\/330"}],"wp:attachment":[{"href":"https:\/\/eebs.dk\/index.php\/wp-json\/wp\/v2\/media?parent=326"}],"curies":[{"name":"wp","href":"https:\/\/api.w.org\/{rel}","templated":true}]}}