{"id":628,"date":"2024-05-07T17:34:51","date_gmt":"2024-05-07T15:34:51","guid":{"rendered":"https:\/\/eebs.dk\/?page_id=628"},"modified":"2025-10-21T16:49:07","modified_gmt":"2025-10-21T14:49:07","slug":"2023-2","status":"publish","type":"page","link":"https:\/\/eebs.dk\/index.php\/2023-2\/","title":{"rendered":"Arrangementer 2023"},"content":{"rendered":"<p><a href=\"https:\/\/eebs.dk\/index.php\/hellenismen-og-kristendommen-i-antikken\/\">Hellenismen og Kristendommen i Antikken<\/a><\/p>\n<p><a href=\"https:\/\/eebs.dk\/index.php\/skabelse-og-tilintetgorelse-logstrup-og-naturen\/\">Skabelse og Tilintetg\u00f8relse ; L\u00f8gstrup og Naturen<\/a><\/p>\n<p><a href=\"https:\/\/eebs.dk\/index.php\/platons-dialog-timaios\/\">Platons dialog; Timaios&amp;#8221;<\/a><\/p>\n<p><a href=\"https:\/\/eebs.dk\/index.php\/platon-og-kristendommen-hos-augustin-og-boethius\/\">Platon og Kristendommen hos Augustin og Bo\u00ebthius<\/a><\/p>\n<p><a href=\"https:\/\/eebs.dk\/index.php\/seneca-begaerets-terapi\/\">Seneca &amp;#8211; Beg\u00e6rets Terapi<\/a><\/p>\n<p>&nbsp;<\/p>\n","protected":false},"excerpt":{"rendered":"<p>Hellenismen og Kristendommen i Antikken Skabelse og Tilintetg\u00f8relse ; L\u00f8gstrup og Naturen Platons dialog; Timaios&amp;#8221; Platon og Kristendommen hos Augustin og Bo\u00ebthius Seneca &amp;#8211; Beg\u00e6rets Terapi &nbsp;<\/p>\n","protected":false},"author":1,"featured_media":0,"parent":0,"menu_order":0,"comment_status":"closed","ping_status":"closed","template":"","meta":{"_monsterinsights_skip_tracking":false,"_monsterinsights_sitenote_active":false,"_monsterinsights_sitenote_note":"","_monsterinsights_sitenote_category":0,"footnotes":""},"class_list":["post-628","page","type-page","status-publish","hentry"],"aioseo_notices":[],"_links":{"self":[{"href":"https:\/\/eebs.dk\/index.php\/wp-json\/wp\/v2\/pages\/628","targetHints":{"allow":["GET"]}}],"collection":[{"href":"https:\/\/eebs.dk\/index.php\/wp-json\/wp\/v2\/pages"}],"about":[{"href":"https:\/\/eebs.dk\/index.php\/wp-json\/wp\/v2\/types\/page"}],"author":[{"embeddable":true,"href":"https:\/\/eebs.dk\/index.php\/wp-json\/wp\/v2\/users\/1"}],"replies":[{"embeddable":true,"href":"https:\/\/eebs.dk\/index.php\/wp-json\/wp\/v2\/comments?post=628"}],"version-history":[{"count":10,"href":"https:\/\/eebs.dk\/index.php\/wp-json\/wp\/v2\/pages\/628\/revisions"}],"predecessor-version":[{"id":1132,"href":"https:\/\/eebs.dk\/index.php\/wp-json\/wp\/v2\/pages\/628\/revisions\/1132"}],"wp:attachment":[{"href":"https:\/\/eebs.dk\/index.php\/wp-json\/wp\/v2\/media?parent=628"}],"curies":[{"name":"wp","href":"https:\/\/api.w.org\/{rel}","templated":true}]}}