{"id":87,"date":"2023-01-12T10:00:34","date_gmt":"2023-01-12T09:00:34","guid":{"rendered":"https:\/\/eebs.dk\/?page_id=87"},"modified":"2025-02-13T16:16:11","modified_gmt":"2025-02-13T15:16:11","slug":"mennesket-som-naturvaesen","status":"publish","type":"page","link":"https:\/\/eebs.dk\/index.php\/mennesket-som-naturvaesen\/","title":{"rendered":"Mennesket som Naturv\u00e6sen"},"content":{"rendered":"<p><img loading=\"lazy\" decoding=\"async\" class=\"size-medium wp-image-288 alignleft\" src=\"https:\/\/eebs.dk\/wp-content\/uploads\/2023\/02\/4.-september-300x167.jpg\" alt=\"\" width=\"300\" height=\"167\" srcset=\"https:\/\/eebs.dk\/wp-content\/uploads\/2023\/02\/4.-september-300x167.jpg 300w, https:\/\/eebs.dk\/wp-content\/uploads\/2023\/02\/4.-september-768x427.jpg 768w, https:\/\/eebs.dk\/wp-content\/uploads\/2023\/02\/4.-september.jpg 900w\" sizes=\"auto, (max-width: 300px) 100vw, 300px\" \/><\/p>\n<p><span style=\"font-size: 24px;\">Fredag d. 4. september kl. 13.30<\/span><\/p>\n<p><span style=\"font-family: 'book antiqua', palatino, serif; font-size: 20px;\"><strong>Ekkoet fra Antikkens Filosoffer<\/strong><br \/>\n<strong>i moderne Naturvidenskab<\/strong><\/span><\/p>\n<p><span style=\"font-family: 'book antiqua', palatino, serif; font-size: 16px;\">Opl\u00e6g af mag.art. Ph.d. Inga R. Gammel<\/span><\/p>\n<p style=\"text-align: left;\"><span style=\"font-family: 'book antiqua', palatino, serif; font-size: 16px;\">Menneskets forestilling om egen rolle i forhold til naturen og til den kosmiske virkelighed har skiftet dramatisk siden antikken. Alligevel optr\u00e6der visse af antikkens ideer til stadighed i moderne naturvidenskab. Det g\u00e6lder is\u00e6r forestillinger af \u00e6stetisk og etisk art. <\/span><br \/>\n<span style=\"font-family: 'book antiqua', palatino, serif; font-size: 16px;\">Mennesket er rundet af naturen og har dens tr\u00e6k i sig. Det pr\u00e6ger vores f\u00f8lelser og vores t\u00e6nkning p\u00e5 en grundl\u00e6ggende m\u00e5de. Den \u00e6stetiske impuls til at s\u00f8ge efter orden\u00a0udg\u00f8r en vedvarende bestr\u00e6belse, som kan f\u00f8lges fra antikkens filosofi op til den moderne videnskab. Men det stiller sp\u00f8rgsm\u00e5let, om \u00e6stetik virkelig har en plads indenfor moderne naturvidenskabelig forskning?\u00a0<\/span><\/p>\n<p><span style=\"font-family: 'book antiqua', palatino, serif; font-size: 16px;\">Entr\u00e9 kr. 50,-<\/span><\/p>\n<p>&nbsp;<\/p>\n<p>&nbsp;<\/p>\n<p>&nbsp;<\/p>\n<p>&nbsp;<\/p>\n<p>&nbsp;<\/p>\n<p>&nbsp;<\/p>\n","protected":false},"excerpt":{"rendered":"<p>Fredag d. 4. september kl. 13.30 Ekkoet fra Antikkens Filosoffer i moderne Naturvidenskab Opl\u00e6g af mag.art. Ph.d. Inga R. Gammel Menneskets forestilling om egen rolle i forhold til naturen og&hellip; <br \/> <a class=\"read-more\" href=\"https:\/\/eebs.dk\/index.php\/mennesket-som-naturvaesen\/\">Read more<\/a><\/p>\n","protected":false},"author":1,"featured_media":0,"parent":0,"menu_order":0,"comment_status":"closed","ping_status":"closed","template":"","meta":{"_monsterinsights_skip_tracking":false,"_monsterinsights_sitenote_active":false,"_monsterinsights_sitenote_note":"","_monsterinsights_sitenote_category":0,"footnotes":""},"class_list":["post-87","page","type-page","status-publish","hentry"],"aioseo_notices":[],"_links":{"self":[{"href":"https:\/\/eebs.dk\/index.php\/wp-json\/wp\/v2\/pages\/87","targetHints":{"allow":["GET"]}}],"collection":[{"href":"https:\/\/eebs.dk\/index.php\/wp-json\/wp\/v2\/pages"}],"about":[{"href":"https:\/\/eebs.dk\/index.php\/wp-json\/wp\/v2\/types\/page"}],"author":[{"embeddable":true,"href":"https:\/\/eebs.dk\/index.php\/wp-json\/wp\/v2\/users\/1"}],"replies":[{"embeddable":true,"href":"https:\/\/eebs.dk\/index.php\/wp-json\/wp\/v2\/comments?post=87"}],"version-history":[{"count":2,"href":"https:\/\/eebs.dk\/index.php\/wp-json\/wp\/v2\/pages\/87\/revisions"}],"predecessor-version":[{"id":289,"href":"https:\/\/eebs.dk\/index.php\/wp-json\/wp\/v2\/pages\/87\/revisions\/289"}],"wp:attachment":[{"href":"https:\/\/eebs.dk\/index.php\/wp-json\/wp\/v2\/media?parent=87"}],"curies":[{"name":"wp","href":"https:\/\/api.w.org\/{rel}","templated":true}]}}