{"id":91,"date":"2023-01-12T10:08:55","date_gmt":"2023-01-12T09:08:55","guid":{"rendered":"https:\/\/eebs.dk\/?page_id=91"},"modified":"2025-02-13T16:23:09","modified_gmt":"2025-02-13T15:23:09","slug":"natur-og-ritual","status":"publish","type":"page","link":"https:\/\/eebs.dk\/index.php\/natur-og-ritual\/","title":{"rendered":"Natur og Ritual"},"content":{"rendered":"<p><span style=\"font-size: 24px;\"><span style=\"font-family: 'book antiqua', palatino, serif;\">Fredag d. 18. september kl. 13.30<\/span>\u00a0<\/span>\u00a0 \u00a0 <img loading=\"lazy\" decoding=\"async\" class=\"size-medium wp-image-295 alignleft\" src=\"https:\/\/eebs.dk\/wp-content\/uploads\/2023\/02\/Natur-og-Ritual-300x240.jpg\" alt=\"\" width=\"300\" height=\"240\" \/><\/p>\n<p><strong>NATUR OG RITUAL<br \/>\n<\/strong><br \/>\n<span style=\"font-family: 'book antiqua', palatino, serif;\">Opl\u00e6g af Antropolog J\u00f8rgen \u00d8sterg\u00e5rd Andersen\u00a0 \u00a0 \u00a0<\/span><span style=\"font-family: 'book antiqua', palatino, serif;\"><strong>Filosofiske og Antropologiske perspektiver belyst ved<br \/>\netnografiske feltarbejder p\u00e5 \u00f8stkysten af Sri Lanka<\/strong><\/span><\/p>\n<p><span style=\"font-family: 'book antiqua', palatino, serif;\">Antropolog J\u00f8rgen \u00d8stergaard Andersen \u00e5bner i opl\u00e6gget op for 40 \u00e5rs feltarbejde foretaget i Sri Lanka og fort\u00e6lle om landets ritualer og helligsteder. Andersen fort\u00e6ller desuden om de filosofiske og antropologiske fags oprindelse. \u00a0Der vil v\u00e6re et s\u00e6rligt fokus p\u00e5 de s\u00e5kaldte Cambridge Ritualister (Jane Ellen Harrison, Gilbert Murray, Francis Cornford o.a.), som var samtidige med James George Frazer (1854-1941) i Cambridge. \u00a0Ogs\u00e5 Edward Burnett Tylor (Oxford University) bliver i dag betragtet som kulturvidenskabernes forf\u00e6dre. Deres teorier blev imidlertid allerede afvist i samtiden. Der l\u00e6gges op til en diskussion, om det var med god grund.<\/span><br \/>\n<span style=\"font-family: 'book antiqua', palatino, serif;\">\u00a0Entr\u00e9 kr. 50\u00a0<\/span><\/p>\n<p><span style=\"font-family: 'book antiqua', palatino, serif;\"> <a href=\"https:\/\/dokk1.dk\/\">\u00a0 Hovedbiblioteket Dokk1,M2<\/a><\/span><\/p>\n<p>&nbsp;<\/p>\n","protected":false},"excerpt":{"rendered":"<p>Fredag d. 18. september kl. 13.30\u00a0\u00a0 \u00a0 NATUR OG RITUAL Opl\u00e6g af Antropolog J\u00f8rgen \u00d8sterg\u00e5rd Andersen\u00a0 \u00a0 \u00a0Filosofiske og Antropologiske perspektiver belyst ved etnografiske feltarbejder p\u00e5 \u00f8stkysten af Sri Lanka&hellip; <br \/> <a class=\"read-more\" href=\"https:\/\/eebs.dk\/index.php\/natur-og-ritual\/\">Read more<\/a><\/p>\n","protected":false},"author":1,"featured_media":0,"parent":0,"menu_order":0,"comment_status":"closed","ping_status":"closed","template":"","meta":{"_monsterinsights_skip_tracking":false,"_monsterinsights_sitenote_active":false,"_monsterinsights_sitenote_note":"","_monsterinsights_sitenote_category":0,"footnotes":""},"class_list":["post-91","page","type-page","status-publish","hentry"],"aioseo_notices":[],"_links":{"self":[{"href":"https:\/\/eebs.dk\/index.php\/wp-json\/wp\/v2\/pages\/91","targetHints":{"allow":["GET"]}}],"collection":[{"href":"https:\/\/eebs.dk\/index.php\/wp-json\/wp\/v2\/pages"}],"about":[{"href":"https:\/\/eebs.dk\/index.php\/wp-json\/wp\/v2\/types\/page"}],"author":[{"embeddable":true,"href":"https:\/\/eebs.dk\/index.php\/wp-json\/wp\/v2\/users\/1"}],"replies":[{"embeddable":true,"href":"https:\/\/eebs.dk\/index.php\/wp-json\/wp\/v2\/comments?post=91"}],"version-history":[{"count":2,"href":"https:\/\/eebs.dk\/index.php\/wp-json\/wp\/v2\/pages\/91\/revisions"}],"predecessor-version":[{"id":296,"href":"https:\/\/eebs.dk\/index.php\/wp-json\/wp\/v2\/pages\/91\/revisions\/296"}],"wp:attachment":[{"href":"https:\/\/eebs.dk\/index.php\/wp-json\/wp\/v2\/media?parent=91"}],"curies":[{"name":"wp","href":"https:\/\/api.w.org\/{rel}","templated":true}]}}